{"id":85,"date":"2023-12-20T14:12:08","date_gmt":"2023-12-20T17:12:08","guid":{"rendered":"https:\/\/www.sti.ufpb.br\/main\/?page_id=85"},"modified":"2023-12-20T14:12:18","modified_gmt":"2023-12-20T17:12:18","slug":"sistemas","status":"publish","type":"page","link":"https:\/\/www.sti.ufpb.br\/main\/sistemas\/","title":{"rendered":"Sistemas"},"content":{"rendered":"<header class=\"entry-header\">\n<p class=\"entry-title\"><a style=\"font-size: 16px;\" href=\"https:\/\/sce.ufpb.br\/\" target=\"_blank\" rel=\"noreferrer noopener\">SCE\u00a0 \u2013 <\/a><span style=\"font-size: 16px;\">Sistema de Cadastro de Elei\u00e7\u00f5es \u2013<\/span><a style=\"font-size: 16px;\" href=\"https:\/\/conhecimento.sti.ufpb.br\/books\/sistema-de-cadastro-de-eleicoes\" target=\"_blank\" rel=\"noreferrer noopener\">\u00a0Base de Conhecimento<\/a><\/p>\n<\/header>\n<div class=\"entry-content\">\n<p><a href=\"https:\/\/sigaa.ufpb.br\/\" target=\"_blank\" rel=\"noreferrer noopener\">SIGAA\u00a0\u00a0<\/a>\u2013 Sistema Integrado de Gest\u00e3o de Atividades Acad\u00eamicas \u2013\u00a0<a href=\"https:\/\/conhecimento.sti.ufpb.br\/shelves\/sigaa\" target=\"_blank\" rel=\"noreferrer noopener\">\u00a0Base de Conhecimento<\/a><\/p>\n<p><a href=\"https:\/\/sigaa.ufpb.br\/public\/\" target=\"_blank\" rel=\"noreferrer noopener\">SIGAA \u2013 Portal P\u00fablico\u00a0 \u2013<\/a>\u00a0Portal P\u00fablico do SIGAA \u2013\u00a0<a href=\"https:\/\/conhecimento.sti.ufpb.br\/\" target=\"_blank\" rel=\"noreferrer noopener\">\u00a0Base de Conhecimento<\/a><\/p>\n<p><a href=\"https:\/\/sigadmin.ufpb.br\/\" target=\"_blank\" rel=\"noreferrer noopener\">SIGAdmin\u00a0 \u2013<\/a>\u00a0Sistema de Administra\u00e7\u00e3o dos Sistemas \u2013<a href=\"https:\/\/conhecimento.sti.ufpb.br\/\" target=\"_blank\" rel=\"noreferrer noopener\">\u00a0Base de Conhecimento<\/a><\/p>\n<p><a href=\"https:\/\/sigeleicao.ufpb.br\/\" target=\"_blank\" rel=\"noreferrer noopener\">SigElei\u00e7\u00e3o\u00a0 \u2013<\/a>\u00a0Sistema Integrado de Gest\u00e3o de Elei\u00e7\u00e3o \u2013<a href=\"https:\/\/conhecimento.sti.ufpb.br\/books\/sigeleicao\" target=\"_blank\" rel=\"noreferrer noopener\">\u00a0Base de Conhecimento<\/a><\/p>\n<p><a href=\"https:\/\/sigeventos.ufpb.br\/\" target=\"_blank\" rel=\"noreferrer noopener\">SigEventos \u2013\u00a0<\/a>\u00a0Sistema Integrado de Gest\u00e3o de Eventos \u2013<a href=\"https:\/\/conhecimento.sti.ufpb.br\/books\/sigeventos\" target=\"_blank\" rel=\"noreferrer noopener\">\u00a0Base de Conhecimento<\/a><\/p>\n<p><a href=\"https:\/\/sistemas.ufpb.br\/sigponto\" target=\"_blank\" rel=\"noreferrer noopener\">SIGPonto \u2013\u00a0<\/a>\u00a0Sistema de Ponto Eletr\u00f4nico \u2013<a href=\"https:\/\/conhecimento.sti.ufpb.br\/\" target=\"_blank\" rel=\"noreferrer noopener\">\u00a0Base de Conhecimento<\/a><\/p>\n<p><a href=\"https:\/\/sigrh.ufpb.br\/\" target=\"_blank\" rel=\"noreferrer noopener\">SIGRH \u2013\u00a0<\/a>\u00a0Sistema Integrado de Gest\u00e3o de Recursos Humanos \u2013<a href=\"https:\/\/conhecimento.sti.ufpb.br\/shelves\/sigrh\" target=\"_blank\" rel=\"noreferrer noopener\">\u00a0Base de Conhecimento<\/a><\/p>\n<p><a href=\"https:\/\/suporte.sti.ufpb.br\/\" target=\"_blank\" rel=\"noreferrer noopener\">Suporte STI\u00a0 \u2013<\/a>\u00a0 Suporte STI \u2013<a href=\"https:\/\/conhecimento.sti.ufpb.br\/books\/suporte-sti\" target=\"_blank\" rel=\"noreferrer noopener\">\u00a0Base de Conhecimento<\/a><\/p>\n<p><a href=\"https:\/\/sipac.ufpb.br\/\" target=\"_blank\" rel=\"noreferrer noopener\">SIPAC\u00a0 \u2013<\/a>\u00a0Sistema Integrado de Patrim\u00f4nio, Administra\u00e7\u00e3o e Contratos \u2013\u00a0<a href=\"https:\/\/conhecimento.sti.ufpb.br\/shelves\/sipac\" target=\"_blank\" rel=\"noreferrer noopener\">\u00a0Base de Conhecimento<\/a><\/p>\n<\/div>\n","protected":false},"excerpt":{"rendered":"<p>SCE\u00a0 \u2013 Sistema de Cadastro de Elei\u00e7\u00f5es \u2013\u00a0Base de Conhecimento SIGAA\u00a0\u00a0\u2013 Sistema Integrado de Gest\u00e3o de Atividades Acad\u00eamicas \u2013\u00a0\u00a0Base de Conhecimento SIGAA \u2013 Portal P\u00fablico\u00a0 \u2013\u00a0Portal P\u00fablico do SIGAA \u2013\u00a0\u00a0Base de Conhecimento SIGAdmin\u00a0 \u2013\u00a0Sistema de Administra\u00e7\u00e3o dos Sistemas \u2013\u00a0Base de Conhecimento SigElei\u00e7\u00e3o\u00a0 \u2013\u00a0Sistema Integrado de Gest\u00e3o de Elei\u00e7\u00e3o \u2013\u00a0Base de Conhecimento SigEventos \u2013\u00a0\u00a0Sistema Integrado de [&hellip;]<\/p>\n","protected":false},"author":63,"featured_media":0,"parent":0,"menu_order":0,"comment_status":"closed","ping_status":"closed","template":"","meta":{"_acf_changed":false,"footnotes":""},"class_list":["post-85","page","type-page","status-publish","hentry"],"acf":[],"_links":{"self":[{"href":"https:\/\/www.sti.ufpb.br\/main\/wp-json\/wp\/v2\/pages\/85","targetHints":{"allow":["GET"]}}],"collection":[{"href":"https:\/\/www.sti.ufpb.br\/main\/wp-json\/wp\/v2\/pages"}],"about":[{"href":"https:\/\/www.sti.ufpb.br\/main\/wp-json\/wp\/v2\/types\/page"}],"author":[{"embeddable":true,"href":"https:\/\/www.sti.ufpb.br\/main\/wp-json\/wp\/v2\/users\/63"}],"replies":[{"embeddable":true,"href":"https:\/\/www.sti.ufpb.br\/main\/wp-json\/wp\/v2\/comments?post=85"}],"version-history":[{"count":1,"href":"https:\/\/www.sti.ufpb.br\/main\/wp-json\/wp\/v2\/pages\/85\/revisions"}],"predecessor-version":[{"id":86,"href":"https:\/\/www.sti.ufpb.br\/main\/wp-json\/wp\/v2\/pages\/85\/revisions\/86"}],"wp:attachment":[{"href":"https:\/\/www.sti.ufpb.br\/main\/wp-json\/wp\/v2\/media?parent=85"}],"curies":[{"name":"wp","href":"https:\/\/api.w.org\/{rel}","templated":true}]}}